{"id":1392,"date":"2023-06-28T11:47:38","date_gmt":"2023-06-28T09:47:38","guid":{"rendered":"https:\/\/ceramitage.eu\/manises\/"},"modified":"2023-08-07T09:19:28","modified_gmt":"2023-08-07T07:19:28","slug":"manises","status":"publish","type":"page","link":"https:\/\/ceramitage.eu\/en\/manises\/","title":{"rendered":"Manises"},"content":{"rendered":"\t\t<div data-elementor-type=\"wp-page\" data-elementor-id=\"1392\" class=\"elementor elementor-1392\" data-elementor-post-type=\"page\">\n\t\t\t\t\t\t<section class=\"elementor-section elementor-top-section elementor-element elementor-element-36d955c1 elementor-section-boxed elementor-section-height-default elementor-section-height-default\" data-id=\"36d955c1\" data-element_type=\"section\" data-settings=\"{&quot;jet_parallax_layout_list&quot;:[]}\">\n\t\t\t\t\t\t<div class=\"elementor-container elementor-column-gap-default\">\n\t\t\t\t\t<div class=\"elementor-column elementor-col-100 elementor-top-column elementor-element elementor-element-49eeea59\" data-id=\"49eeea59\" data-element_type=\"column\">\n\t\t\t<div class=\"elementor-widget-wrap elementor-element-populated\">\n\t\t\t\t\t\t<div class=\"elementor-element elementor-element-17a1b9a9 elementor-widget elementor-widget-text-editor\" data-id=\"17a1b9a9\" data-element_type=\"widget\" data-widget_type=\"text-editor.default\">\n\t\t\t\t<div class=\"elementor-widget-container\">\n\t\t\t\t\t\t\t<p><span style=\"font-weight: 400;\">Manises, en by p\u00e5 Spanias middelhavskyst n\u00e6r Valencia, har v\u00e6rt forbundet med keramisk h\u00e5ndverk helt siden byens grunnleggelse. Nesten 700 \u00e5r med uavbrutt keramisk aktivitet har satt sitt preg p\u00e5 tradisjonen, festlighetene, monumentene og bylandskapet: En tur rundt i gatene i Manises gir deg eksempler p\u00e5 keramikk brukt i arkitekturen.<\/span><\/p>\n<p><span style=\"font-weight: 400;\">Byen huser flere utstillingslokaler og museer: Manises keramikkmuseum har en samling p\u00e5 over 5500 gjenstander, hvorav nitti prosent er produsert lokalt med dekorasjoner i gr\u00f8nt og mangan, koboltbl\u00e5tt og bl\u00e5tt; glansmaling produsert mellom 1300- og 1500-tallet; barokke polykromi fliser; flerfargede fliser fra begynnelsen av 1900-tallet samt keramikk fra den modernistiske perioden, osv.<\/span><\/p>\n<p><span style=\"font-weight: 400;\">I dag omfatter den keramiske sektoren ulike h\u00e5ndverksbransjer, bedrifter og hjelpevirksomheter, samt verksteder, foreninger og utdanningssentre.<\/span><\/p>\n<p><span style=\"font-weight: 400;\">Byen tilbyr et bredt program med aktiviteter knyttet til keramikk, blant annet keramikkfestivalen og -paraden og den internasjonale keramikkbiennalen.<\/span><\/p>\n<p><span style=\"font-weight: 400;\">Manises er medlem av AeCC (Spanish Association of Cities of Ceramics), som igjen er en del av European Grouping of Territorial Cooperation &#8220;Cities of Ceramics&#8221;.<\/span><\/p>\t\t\t\t\t\t<\/div>\n\t\t\t\t<\/div>\n\t\t\t\t\t<\/div>\n\t\t<\/div>\n\t\t\t\t\t<\/div>\n\t\t<\/section>\n\t\t\t\t<section class=\"elementor-section elementor-top-section elementor-element elementor-element-d195fe8 elementor-section-boxed elementor-section-height-default elementor-section-height-default\" data-id=\"d195fe8\" data-element_type=\"section\" data-settings=\"{&quot;jet_parallax_layout_list&quot;:[]}\">\n\t\t\t\t\t\t<div class=\"elementor-container elementor-column-gap-default\">\n\t\t\t\t\t<div class=\"elementor-column elementor-col-100 elementor-top-column elementor-element elementor-element-5df4489\" data-id=\"5df4489\" data-element_type=\"column\">\n\t\t\t<div class=\"elementor-widget-wrap elementor-element-populated\">\n\t\t\t\t\t\t<div class=\"elementor-element elementor-element-65fe08e elementor-widget elementor-widget-image-gallery\" data-id=\"65fe08e\" data-element_type=\"widget\" data-widget_type=\"image-gallery.default\">\n\t\t\t\t<div class=\"elementor-widget-container\">\n\t\t\t\t\t<div class=\"elementor-image-gallery\">\n\t\t\t<div id='gallery-1' class='gallery galleryid-1392 gallery-columns-3 gallery-size-monstroid2-thumb-justify'><figure class='gallery-item'>\n\t\t\t<div class='gallery-icon landscape'>\n\t\t\t\t<a data-elementor-open-lightbox=\"yes\" data-elementor-lightbox-slideshow=\"65fe08e\" data-elementor-lightbox-title=\"Manises 01\" data-e-action-hash=\"#elementor-action%3Aaction%3Dlightbox%26settings%3DeyJpZCI6MTM3OSwidXJsIjoiaHR0cHM6XC9cL2NlcmFtaXRhZ2UuZXVcL3dwLWNvbnRlbnRcL3VwbG9hZHNcLzIwMjNcLzA2XC9NYW5pc2VzLTAxLmpwZyIsInNsaWRlc2hvdyI6IjY1ZmUwOGUifQ%3D%3D\" href='https:\/\/ceramitage.eu\/wp-content\/uploads\/2023\/06\/Manises-01.jpg'><img fetchpriority=\"high\" decoding=\"async\" width=\"640\" height=\"640\" src=\"https:\/\/ceramitage.eu\/wp-content\/uploads\/2023\/06\/Manises-01-640x640.jpg\" class=\"attachment-monstroid2-thumb-justify size-monstroid2-thumb-justify\" alt=\"\" srcset=\"https:\/\/ceramitage.eu\/wp-content\/uploads\/2023\/06\/Manises-01-640x640.jpg 640w, https:\/\/ceramitage.eu\/wp-content\/uploads\/2023\/06\/Manises-01-150x150.jpg 150w, https:\/\/ceramitage.eu\/wp-content\/uploads\/2023\/06\/Manises-01-230x230.jpg 230w, https:\/\/ceramitage.eu\/wp-content\/uploads\/2023\/06\/Manises-01-400x400.jpg 400w\" sizes=\"(max-width: 640px) 100vw, 640px\" \/><\/a>\n\t\t\t<\/div><\/figure><figure class='gallery-item'>\n\t\t\t<div class='gallery-icon landscape'>\n\t\t\t\t<a data-elementor-open-lightbox=\"yes\" data-elementor-lightbox-slideshow=\"65fe08e\" data-elementor-lightbox-title=\"Manises 02\" data-e-action-hash=\"#elementor-action%3Aaction%3Dlightbox%26settings%3DeyJpZCI6MTM4MiwidXJsIjoiaHR0cHM6XC9cL2NlcmFtaXRhZ2UuZXVcL3dwLWNvbnRlbnRcL3VwbG9hZHNcLzIwMjNcLzA2XC9NYW5pc2VzLTAyLmpwZyIsInNsaWRlc2hvdyI6IjY1ZmUwOGUifQ%3D%3D\" href='https:\/\/ceramitage.eu\/wp-content\/uploads\/2023\/06\/Manises-02.jpg'><img decoding=\"async\" width=\"640\" height=\"640\" src=\"https:\/\/ceramitage.eu\/wp-content\/uploads\/2023\/06\/Manises-02-640x640.jpg\" class=\"attachment-monstroid2-thumb-justify size-monstroid2-thumb-justify\" alt=\"\" srcset=\"https:\/\/ceramitage.eu\/wp-content\/uploads\/2023\/06\/Manises-02-640x640.jpg 640w, https:\/\/ceramitage.eu\/wp-content\/uploads\/2023\/06\/Manises-02-150x150.jpg 150w, https:\/\/ceramitage.eu\/wp-content\/uploads\/2023\/06\/Manises-02-230x230.jpg 230w, https:\/\/ceramitage.eu\/wp-content\/uploads\/2023\/06\/Manises-02-400x400.jpg 400w\" sizes=\"(max-width: 640px) 100vw, 640px\" \/><\/a>\n\t\t\t<\/div><\/figure><figure class='gallery-item'>\n\t\t\t<div class='gallery-icon landscape'>\n\t\t\t\t<a data-elementor-open-lightbox=\"yes\" data-elementor-lightbox-slideshow=\"65fe08e\" data-elementor-lightbox-title=\"Manises 03\" data-e-action-hash=\"#elementor-action%3Aaction%3Dlightbox%26settings%3DeyJpZCI6MTM4NSwidXJsIjoiaHR0cHM6XC9cL2NlcmFtaXRhZ2UuZXVcL3dwLWNvbnRlbnRcL3VwbG9hZHNcLzIwMjNcLzA2XC9NYW5pc2VzLTAzLmpwZyIsInNsaWRlc2hvdyI6IjY1ZmUwOGUifQ%3D%3D\" href='https:\/\/ceramitage.eu\/wp-content\/uploads\/2023\/06\/Manises-03.jpg'><img decoding=\"async\" width=\"640\" height=\"640\" src=\"https:\/\/ceramitage.eu\/wp-content\/uploads\/2023\/06\/Manises-03-640x640.jpg\" class=\"attachment-monstroid2-thumb-justify size-monstroid2-thumb-justify\" alt=\"\" srcset=\"https:\/\/ceramitage.eu\/wp-content\/uploads\/2023\/06\/Manises-03-640x640.jpg 640w, https:\/\/ceramitage.eu\/wp-content\/uploads\/2023\/06\/Manises-03-150x150.jpg 150w, https:\/\/ceramitage.eu\/wp-content\/uploads\/2023\/06\/Manises-03-230x230.jpg 230w, https:\/\/ceramitage.eu\/wp-content\/uploads\/2023\/06\/Manises-03-400x400.jpg 400w\" sizes=\"(max-width: 640px) 100vw, 640px\" \/><\/a>\n\t\t\t<\/div><\/figure>\n\t\t<\/div>\n\t\t<\/div>\n\t\t\t\t<\/div>\n\t\t\t\t<\/div>\n\t\t\t\t\t<\/div>\n\t\t<\/div>\n\t\t\t\t\t<\/div>\n\t\t<\/section>\n\t\t\t\t<\/div>\n\t\t","protected":false},"excerpt":{"rendered":"<p>Manises, en by p\u00e5 Spanias middelhavskyst n\u00e6r Valencia, har v\u00e6rt forbundet med keramisk h\u00e5ndverk helt siden byens grunnleggelse. Nesten 700 \u00e5r med uavbrutt keramisk aktivitet har satt sitt preg p\u00e5 tradisjonen, festlighetene, monumentene og bylandskapet: En tur rundt i gatene i Manises gir deg eksempler p\u00e5 keramikk brukt i arkitekturen. Byen huser flere utstillingslokaler og [&hellip;]<\/p>\n","protected":false},"author":1,"featured_media":0,"parent":0,"menu_order":0,"comment_status":"closed","ping_status":"closed","template":"","meta":{"footnotes":""},"class_list":["post-1392","page","type-page","status-publish","hentry"],"_links":{"self":[{"href":"https:\/\/ceramitage.eu\/en\/wp-json\/wp\/v2\/pages\/1392","targetHints":{"allow":["GET"]}}],"collection":[{"href":"https:\/\/ceramitage.eu\/en\/wp-json\/wp\/v2\/pages"}],"about":[{"href":"https:\/\/ceramitage.eu\/en\/wp-json\/wp\/v2\/types\/page"}],"author":[{"embeddable":true,"href":"https:\/\/ceramitage.eu\/en\/wp-json\/wp\/v2\/users\/1"}],"replies":[{"embeddable":true,"href":"https:\/\/ceramitage.eu\/en\/wp-json\/wp\/v2\/comments?post=1392"}],"version-history":[{"count":7,"href":"https:\/\/ceramitage.eu\/en\/wp-json\/wp\/v2\/pages\/1392\/revisions"}],"predecessor-version":[{"id":3427,"href":"https:\/\/ceramitage.eu\/en\/wp-json\/wp\/v2\/pages\/1392\/revisions\/3427"}],"wp:attachment":[{"href":"https:\/\/ceramitage.eu\/en\/wp-json\/wp\/v2\/media?parent=1392"}],"curies":[{"name":"wp","href":"https:\/\/api.w.org\/{rel}","templated":true}]}}

<div data-elementor-type="wp-page" data-elementor-id="1392" class="elementor elementor-1392" data-elementor-post-type="page">
						<section class="elementor-section elementor-top-section elementor-element elementor-element-36d955c1 elementor-section-boxed elementor-section-height-default elementor-section-height-default" data-id="36d955c1" data-element_type="section" data-settings="{&quot;jet_parallax_layout_list&quot;:[]}">
						<div class="elementor-container elementor-column-gap-default">
					<div class="elementor-column elementor-col-100 elementor-top-column elementor-element elementor-element-49eeea59" data-id="49eeea59" data-element_type="column">
			<div class="elementor-widget-wrap elementor-element-populated">
						<div class="elementor-element elementor-element-17a1b9a9 elementor-widget elementor-widget-text-editor" data-id="17a1b9a9" data-element_type="widget" data-widget_type="text-editor.default">
				<div class="elementor-widget-container">
							<p><span style="font-weight: 400;">Manises, en by på Spanias middelhavskyst nær Valencia, har vært forbundet med keramisk håndverk helt siden byens grunnleggelse. Nesten 700 år med uavbrutt keramisk aktivitet har satt sitt preg på tradisjonen, festlighetene, monumentene og bylandskapet: En tur rundt i gatene i Manises gir deg eksempler på keramikk brukt i arkitekturen.</span></p>
<p><span style="font-weight: 400;">Byen huser flere utstillingslokaler og museer: Manises keramikkmuseum har en samling på over 5500 gjenstander, hvorav nitti prosent er produsert lokalt med dekorasjoner i grønt og mangan, koboltblått og blått; glansmaling produsert mellom 1300- og 1500-tallet; barokke polykromi fliser; flerfargede fliser fra begynnelsen av 1900-tallet samt keramikk fra den modernistiske perioden, osv.</span></p>
<p><span style="font-weight: 400;">I dag omfatter den keramiske sektoren ulike håndverksbransjer, bedrifter og hjelpevirksomheter, samt verksteder, foreninger og utdanningssentre.</span></p>
<p><span style="font-weight: 400;">Byen tilbyr et bredt program med aktiviteter knyttet til keramikk, blant annet keramikkfestivalen og -paraden og den internasjonale keramikkbiennalen.</span></p>
<p><span style="font-weight: 400;">Manises er medlem av AeCC (Spanish Association of Cities of Ceramics), som igjen er en del av European Grouping of Territorial Cooperation &#8220;Cities of Ceramics&#8221;.</span></p>						</div>
				</div>
					</div>
		</div>
					</div>
		</section>
				<section class="elementor-section elementor-top-section elementor-element elementor-element-d195fe8 elementor-section-boxed elementor-section-height-default elementor-section-height-default" data-id="d195fe8" data-element_type="section" data-settings="{&quot;jet_parallax_layout_list&quot;:[]}">
						<div class="elementor-container elementor-column-gap-default">
					<div class="elementor-column elementor-col-100 elementor-top-column elementor-element elementor-element-5df4489" data-id="5df4489" data-element_type="column">
			<div class="elementor-widget-wrap elementor-element-populated">
						<div class="elementor-element elementor-element-65fe08e elementor-widget elementor-widget-image-gallery" data-id="65fe08e" data-element_type="widget" data-widget_type="image-gallery.default">
				<div class="elementor-widget-container">
					<div class="elementor-image-gallery">
			<div id='gallery-1' class='gallery galleryid-1392 gallery-columns-3 gallery-size-monstroid2-thumb-justify'><figure class='gallery-item'>
			<div class='gallery-icon landscape'>
				<a data-elementor-open-lightbox="yes" data-elementor-lightbox-slideshow="65fe08e" data-elementor-lightbox-title="Manises 01" data-e-action-hash="#elementor-action%3Aaction%3Dlightbox%26settings%3DeyJpZCI6MTM3OSwidXJsIjoiaHR0cHM6XC9cL2NlcmFtaXRhZ2UuZXVcL3dwLWNvbnRlbnRcL3VwbG9hZHNcLzIwMjNcLzA2XC9NYW5pc2VzLTAxLmpwZyIsInNsaWRlc2hvdyI6IjY1ZmUwOGUifQ%3D%3D" href='https://ceramitage.eu/wp-content/uploads/2023/06/Manises-01.jpg'><img fetchpriority="high" decoding="async" width="640" height="640" src="https://ceramitage.eu/wp-content/uploads/2023/06/Manises-01-640x640.jpg" class="attachment-monstroid2-thumb-justify size-monstroid2-thumb-justify" alt="" srcset="https://ceramitage.eu/wp-content/uploads/2023/06/Manises-01-640x640.jpg 640w, https://ceramitage.eu/wp-content/uploads/2023/06/Manises-01-150x150.jpg 150w, https://ceramitage.eu/wp-content/uploads/2023/06/Manises-01-230x230.jpg 230w, https://ceramitage.eu/wp-content/uploads/2023/06/Manises-01-400x400.jpg 400w" sizes="(max-width: 640px) 100vw, 640px" /></a>
			</div></figure><figure class='gallery-item'>
			<div class='gallery-icon landscape'>
				<a data-elementor-open-lightbox="yes" data-elementor-lightbox-slideshow="65fe08e" data-elementor-lightbox-title="Manises 02" data-e-action-hash="#elementor-action%3Aaction%3Dlightbox%26settings%3DeyJpZCI6MTM4MiwidXJsIjoiaHR0cHM6XC9cL2NlcmFtaXRhZ2UuZXVcL3dwLWNvbnRlbnRcL3VwbG9hZHNcLzIwMjNcLzA2XC9NYW5pc2VzLTAyLmpwZyIsInNsaWRlc2hvdyI6IjY1ZmUwOGUifQ%3D%3D" href='https://ceramitage.eu/wp-content/uploads/2023/06/Manises-02.jpg'><img decoding="async" width="640" height="640" src="https://ceramitage.eu/wp-content/uploads/2023/06/Manises-02-640x640.jpg" class="attachment-monstroid2-thumb-justify size-monstroid2-thumb-justify" alt="" srcset="https://ceramitage.eu/wp-content/uploads/2023/06/Manises-02-640x640.jpg 640w, https://ceramitage.eu/wp-content/uploads/2023/06/Manises-02-150x150.jpg 150w, https://ceramitage.eu/wp-content/uploads/2023/06/Manises-02-230x230.jpg 230w, https://ceramitage.eu/wp-content/uploads/2023/06/Manises-02-400x400.jpg 400w" sizes="(max-width: 640px) 100vw, 640px" /></a>
			</div></figure><figure class='gallery-item'>
			<div class='gallery-icon landscape'>
				<a data-elementor-open-lightbox="yes" data-elementor-lightbox-slideshow="65fe08e" data-elementor-lightbox-title="Manises 03" data-e-action-hash="#elementor-action%3Aaction%3Dlightbox%26settings%3DeyJpZCI6MTM4NSwidXJsIjoiaHR0cHM6XC9cL2NlcmFtaXRhZ2UuZXVcL3dwLWNvbnRlbnRcL3VwbG9hZHNcLzIwMjNcLzA2XC9NYW5pc2VzLTAzLmpwZyIsInNsaWRlc2hvdyI6IjY1ZmUwOGUifQ%3D%3D" href='https://ceramitage.eu/wp-content/uploads/2023/06/Manises-03.jpg'><img decoding="async" width="640" height="640" src="https://ceramitage.eu/wp-content/uploads/2023/06/Manises-03-640x640.jpg" class="attachment-monstroid2-thumb-justify size-monstroid2-thumb-justify" alt="" srcset="https://ceramitage.eu/wp-content/uploads/2023/06/Manises-03-640x640.jpg 640w, https://ceramitage.eu/wp-content/uploads/2023/06/Manises-03-150x150.jpg 150w, https://ceramitage.eu/wp-content/uploads/2023/06/Manises-03-230x230.jpg 230w, https://ceramitage.eu/wp-content/uploads/2023/06/Manises-03-400x400.jpg 400w" sizes="(max-width: 640px) 100vw, 640px" /></a>
			</div></figure>
		</div>
		</div>
				</div>
				</div>
					</div>
		</div>
					</div>
		</section>
				</div>

<p>Manises, en by på Spanias middelhavskyst nær Valencia, har vært forbundet med keramisk håndverk helt siden byens grunnleggelse. Nesten 700 år med uavbrutt keramisk aktivitet har satt sitt preg på tradisjonen, festlighetene, monumentene og bylandskapet: En tur rundt i gatene i Manises gir deg eksempler på keramikk brukt i arkitekturen. Byen huser flere utstillingslokaler og [&hellip;]</p>
