{"id":1481,"date":"2023-06-28T12:04:46","date_gmt":"2023-06-28T10:04:46","guid":{"rendered":"https:\/\/ceramitage.eu\/gmunden\/"},"modified":"2023-08-07T09:12:45","modified_gmt":"2023-08-07T07:12:45","slug":"gmunden","status":"publish","type":"page","link":"https:\/\/ceramitage.eu\/no\/gmunden\/","title":{"rendered":"Gmunden"},"content":{"rendered":"\t\t<div data-elementor-type=\"wp-page\" data-elementor-id=\"1481\" class=\"elementor elementor-1481\" data-elementor-post-type=\"page\">\n\t\t\t\t\t\t<section class=\"elementor-section elementor-top-section elementor-element elementor-element-56afaea0 elementor-section-boxed elementor-section-height-default elementor-section-height-default\" data-id=\"56afaea0\" data-element_type=\"section\" data-settings=\"{&quot;jet_parallax_layout_list&quot;:[]}\">\n\t\t\t\t\t\t<div class=\"elementor-container elementor-column-gap-default\">\n\t\t\t\t\t<div class=\"elementor-column elementor-col-100 elementor-top-column elementor-element elementor-element-519c66c9\" data-id=\"519c66c9\" data-element_type=\"column\">\n\t\t\t<div class=\"elementor-widget-wrap elementor-element-populated\">\n\t\t\t\t\t\t<div class=\"elementor-element elementor-element-35c846bd elementor-widget elementor-widget-text-editor\" data-id=\"35c846bd\" data-element_type=\"widget\" data-widget_type=\"text-editor.default\">\n\t\t\t\t<div class=\"elementor-widget-container\">\n\t\t\t\t\t\t\t<p><span style=\"font-weight: 400;\">Ferie- og fritidsregionen Gmunden, som ligger ved innsj\u00f8en Traunsee, har posisjonert seg som en kulturell hotspot i \u00d8sterrike, med mange kulturelle aktiviteter fra det tradisjonelle til samtidskunst. Arkeologiske funn av kanner, sk\u00e5ler og fliser av steingods dateres tilbake til middelalderen, og allerede i 1492 ble &laquo;Gmundner&raquo;-keramikk nevnt i dokumenter. \u00c5rhundrer med keramikk i Gmunden og Salzkammergut har gitt opphav til et stort antall h\u00e5ndverkere og kunstnere som har h\u00f8stet internasjonal anerkjennelse. Gmunden har satt seg som m\u00e5l \u00e5 gi keramikkfaget tilbake sin historisk sett flere hundre \u00e5r gamle betydning og fremme det p\u00e5 en ny m\u00e5te.\u00a0<\/span><\/p>\n<p><span style=\"font-weight: 400;\">Hvert \u00e5r i august blir Gmunden et mekka for keramisk kunst med en blanding av samtidskeramikk; keramikere fra \u00d8sterrike og utlandet stiller ut i Gmundens gallerier og midlertidige lokaler, noe som forsterker fokuset p\u00e5 keramisk samtidskunst.\u00a0 Det halv\u00e5rlige keramikksymposiet samler europeiske keramikere og internasjonale eksperter til et fem ukers opphold.<\/span><\/p>\n<p><span style=\"font-weight: 400;\">K-Hof Museum viser et kronologisk tverrsnitt av Gmunden og Traunsee-distriktets historie fra den geologiske begynnelsen til det 21. \u00e5rhundre. Det keramiske temaet g\u00e5r som en r\u00f8d tr\u00e5d gjennom hele utstillingen, og spesialutstillinger om historie og samtidskeramikk skiftes ut med jevne mellomrom.<\/span><\/p>\n<p><span style=\"font-weight: 400;\">Foto: Wolfgang Ladin<\/span><\/p>\t\t\t\t\t\t<\/div>\n\t\t\t\t<\/div>\n\t\t\t\t\t<\/div>\n\t\t<\/div>\n\t\t\t\t\t<\/div>\n\t\t<\/section>\n\t\t\t\t<section class=\"elementor-section elementor-top-section elementor-element elementor-element-1b8330c elementor-section-boxed elementor-section-height-default elementor-section-height-default\" data-id=\"1b8330c\" data-element_type=\"section\" data-settings=\"{&quot;jet_parallax_layout_list&quot;:[]}\">\n\t\t\t\t\t\t<div class=\"elementor-container elementor-column-gap-default\">\n\t\t\t\t\t<div class=\"elementor-column elementor-col-100 elementor-top-column elementor-element elementor-element-57cbd57\" data-id=\"57cbd57\" data-element_type=\"column\">\n\t\t\t<div class=\"elementor-widget-wrap elementor-element-populated\">\n\t\t\t\t\t\t<div class=\"elementor-element elementor-element-9c88d2f elementor-widget elementor-widget-image-gallery\" data-id=\"9c88d2f\" data-element_type=\"widget\" data-widget_type=\"image-gallery.default\">\n\t\t\t\t<div class=\"elementor-widget-container\">\n\t\t\t\t\t<div class=\"elementor-image-gallery\">\n\t\t\t<div id='gallery-1' class='gallery galleryid-1481 gallery-columns-3 gallery-size-monstroid2-thumb-justify'><figure class='gallery-item'>\n\t\t\t<div class='gallery-icon portrait'>\n\t\t\t\t<a data-elementor-open-lightbox=\"yes\" data-elementor-lightbox-slideshow=\"9c88d2f\" data-elementor-lightbox-title=\"Gmunden 01\" data-e-action-hash=\"#elementor-action%3Aaction%3Dlightbox%26settings%3DeyJpZCI6MTQ2OSwidXJsIjoiaHR0cHM6XC9cL2NlcmFtaXRhZ2UuZXVcL3dwLWNvbnRlbnRcL3VwbG9hZHNcLzIwMjNcLzA2XC9HbXVuZGVuLTAxLmpwZyIsInNsaWRlc2hvdyI6IjljODhkMmYifQ%3D%3D\" href='https:\/\/ceramitage.eu\/wp-content\/uploads\/2023\/06\/Gmunden-01.jpg'><img fetchpriority=\"high\" decoding=\"async\" width=\"640\" height=\"640\" src=\"https:\/\/ceramitage.eu\/wp-content\/uploads\/2023\/06\/Gmunden-01-640x640.jpg\" class=\"attachment-monstroid2-thumb-justify size-monstroid2-thumb-justify\" alt=\"\" srcset=\"https:\/\/ceramitage.eu\/wp-content\/uploads\/2023\/06\/Gmunden-01-640x640.jpg 640w, https:\/\/ceramitage.eu\/wp-content\/uploads\/2023\/06\/Gmunden-01-150x150.jpg 150w, https:\/\/ceramitage.eu\/wp-content\/uploads\/2023\/06\/Gmunden-01-230x230.jpg 230w, https:\/\/ceramitage.eu\/wp-content\/uploads\/2023\/06\/Gmunden-01-400x400.jpg 400w\" sizes=\"(max-width: 640px) 100vw, 640px\" \/><\/a>\n\t\t\t<\/div><\/figure><figure class='gallery-item'>\n\t\t\t<div class='gallery-icon landscape'>\n\t\t\t\t<a data-elementor-open-lightbox=\"yes\" data-elementor-lightbox-slideshow=\"9c88d2f\" data-elementor-lightbox-title=\"Gmunden 02\" data-e-action-hash=\"#elementor-action%3Aaction%3Dlightbox%26settings%3DeyJpZCI6MTQ3MiwidXJsIjoiaHR0cHM6XC9cL2NlcmFtaXRhZ2UuZXVcL3dwLWNvbnRlbnRcL3VwbG9hZHNcLzIwMjNcLzA2XC9HbXVuZGVuLTAyLmpwZyIsInNsaWRlc2hvdyI6IjljODhkMmYifQ%3D%3D\" href='https:\/\/ceramitage.eu\/wp-content\/uploads\/2023\/06\/Gmunden-02.jpg'><img decoding=\"async\" width=\"640\" height=\"640\" src=\"https:\/\/ceramitage.eu\/wp-content\/uploads\/2023\/06\/Gmunden-02-640x640.jpg\" class=\"attachment-monstroid2-thumb-justify size-monstroid2-thumb-justify\" alt=\"\" srcset=\"https:\/\/ceramitage.eu\/wp-content\/uploads\/2023\/06\/Gmunden-02-640x640.jpg 640w, https:\/\/ceramitage.eu\/wp-content\/uploads\/2023\/06\/Gmunden-02-150x150.jpg 150w, https:\/\/ceramitage.eu\/wp-content\/uploads\/2023\/06\/Gmunden-02-230x230.jpg 230w, https:\/\/ceramitage.eu\/wp-content\/uploads\/2023\/06\/Gmunden-02-400x400.jpg 400w\" sizes=\"(max-width: 640px) 100vw, 640px\" \/><\/a>\n\t\t\t<\/div><\/figure><figure class='gallery-item'>\n\t\t\t<div class='gallery-icon landscape'>\n\t\t\t\t<a data-elementor-open-lightbox=\"yes\" data-elementor-lightbox-slideshow=\"9c88d2f\" data-elementor-lightbox-title=\"Gmunden 03\" data-e-action-hash=\"#elementor-action%3Aaction%3Dlightbox%26settings%3DeyJpZCI6MTQ3NSwidXJsIjoiaHR0cHM6XC9cL2NlcmFtaXRhZ2UuZXVcL3dwLWNvbnRlbnRcL3VwbG9hZHNcLzIwMjNcLzA2XC9HbXVuZGVuLTAzLmpwZyIsInNsaWRlc2hvdyI6IjljODhkMmYifQ%3D%3D\" href='https:\/\/ceramitage.eu\/wp-content\/uploads\/2023\/06\/Gmunden-03.jpg'><img decoding=\"async\" width=\"640\" height=\"640\" src=\"https:\/\/ceramitage.eu\/wp-content\/uploads\/2023\/06\/Gmunden-03-640x640.jpg\" class=\"attachment-monstroid2-thumb-justify size-monstroid2-thumb-justify\" alt=\"\" srcset=\"https:\/\/ceramitage.eu\/wp-content\/uploads\/2023\/06\/Gmunden-03-640x640.jpg 640w, https:\/\/ceramitage.eu\/wp-content\/uploads\/2023\/06\/Gmunden-03-150x150.jpg 150w, https:\/\/ceramitage.eu\/wp-content\/uploads\/2023\/06\/Gmunden-03-230x230.jpg 230w, https:\/\/ceramitage.eu\/wp-content\/uploads\/2023\/06\/Gmunden-03-400x400.jpg 400w\" sizes=\"(max-width: 640px) 100vw, 640px\" \/><\/a>\n\t\t\t<\/div><\/figure>\n\t\t<\/div>\n\t\t<\/div>\n\t\t\t\t<\/div>\n\t\t\t\t<\/div>\n\t\t\t\t\t<\/div>\n\t\t<\/div>\n\t\t\t\t\t<\/div>\n\t\t<\/section>\n\t\t\t\t<\/div>\n\t\t","protected":false},"excerpt":{"rendered":"<p>Ferie- og fritidsregionen Gmunden, som ligger ved innsj\u00f8en Traunsee, har posisjonert seg som en kulturell hotspot i \u00d8sterrike, med mange kulturelle aktiviteter fra det tradisjonelle til samtidskunst. Arkeologiske funn av kanner, sk\u00e5ler og fliser av steingods dateres tilbake til middelalderen, og allerede i 1492 ble &laquo;Gmundner&raquo;-keramikk nevnt i dokumenter. \u00c5rhundrer med keramikk i Gmunden og [&hellip;]<\/p>\n","protected":false},"author":1,"featured_media":0,"parent":0,"menu_order":0,"comment_status":"closed","ping_status":"closed","template":"","meta":{"footnotes":""},"class_list":["post-1481","page","type-page","status-publish","hentry"],"_links":{"self":[{"href":"https:\/\/ceramitage.eu\/no\/wp-json\/wp\/v2\/pages\/1481","targetHints":{"allow":["GET"]}}],"collection":[{"href":"https:\/\/ceramitage.eu\/no\/wp-json\/wp\/v2\/pages"}],"about":[{"href":"https:\/\/ceramitage.eu\/no\/wp-json\/wp\/v2\/types\/page"}],"author":[{"embeddable":true,"href":"https:\/\/ceramitage.eu\/no\/wp-json\/wp\/v2\/users\/1"}],"replies":[{"embeddable":true,"href":"https:\/\/ceramitage.eu\/no\/wp-json\/wp\/v2\/comments?post=1481"}],"version-history":[{"count":4,"href":"https:\/\/ceramitage.eu\/no\/wp-json\/wp\/v2\/pages\/1481\/revisions"}],"predecessor-version":[{"id":3407,"href":"https:\/\/ceramitage.eu\/no\/wp-json\/wp\/v2\/pages\/1481\/revisions\/3407"}],"wp:attachment":[{"href":"https:\/\/ceramitage.eu\/no\/wp-json\/wp\/v2\/media?parent=1481"}],"curies":[{"name":"wp","href":"https:\/\/api.w.org\/{rel}","templated":true}]}}

<div data-elementor-type="wp-page" data-elementor-id="1481" class="elementor elementor-1481" data-elementor-post-type="page">
						<section class="elementor-section elementor-top-section elementor-element elementor-element-56afaea0 elementor-section-boxed elementor-section-height-default elementor-section-height-default" data-id="56afaea0" data-element_type="section" data-settings="{&quot;jet_parallax_layout_list&quot;:[]}">
						<div class="elementor-container elementor-column-gap-default">
					<div class="elementor-column elementor-col-100 elementor-top-column elementor-element elementor-element-519c66c9" data-id="519c66c9" data-element_type="column">
			<div class="elementor-widget-wrap elementor-element-populated">
						<div class="elementor-element elementor-element-35c846bd elementor-widget elementor-widget-text-editor" data-id="35c846bd" data-element_type="widget" data-widget_type="text-editor.default">
				<div class="elementor-widget-container">
							<p><span style="font-weight: 400;">Ferie- og fritidsregionen Gmunden, som ligger ved innsjøen Traunsee, har posisjonert seg som en kulturell hotspot i Østerrike, med mange kulturelle aktiviteter fra det tradisjonelle til samtidskunst. Arkeologiske funn av kanner, skåler og fliser av steingods dateres tilbake til middelalderen, og allerede i 1492 ble &laquo;Gmundner&raquo;-keramikk nevnt i dokumenter. Århundrer med keramikk i Gmunden og Salzkammergut har gitt opphav til et stort antall håndverkere og kunstnere som har høstet internasjonal anerkjennelse. Gmunden har satt seg som mål å gi keramikkfaget tilbake sin historisk sett flere hundre år gamle betydning og fremme det på en ny måte. </span></p>
<p><span style="font-weight: 400;">Hvert år i august blir Gmunden et mekka for keramisk kunst med en blanding av samtidskeramikk; keramikere fra Østerrike og utlandet stiller ut i Gmundens gallerier og midlertidige lokaler, noe som forsterker fokuset på keramisk samtidskunst.  Det halvårlige keramikksymposiet samler europeiske keramikere og internasjonale eksperter til et fem ukers opphold.</span></p>
<p><span style="font-weight: 400;">K-Hof Museum viser et kronologisk tverrsnitt av Gmunden og Traunsee-distriktets historie fra den geologiske begynnelsen til det 21. århundre. Det keramiske temaet går som en rød tråd gjennom hele utstillingen, og spesialutstillinger om historie og samtidskeramikk skiftes ut med jevne mellomrom.</span></p>
<p><span style="font-weight: 400;">Foto: Wolfgang Ladin</span></p>						</div>
				</div>
					</div>
		</div>
					</div>
		</section>
				<section class="elementor-section elementor-top-section elementor-element elementor-element-1b8330c elementor-section-boxed elementor-section-height-default elementor-section-height-default" data-id="1b8330c" data-element_type="section" data-settings="{&quot;jet_parallax_layout_list&quot;:[]}">
						<div class="elementor-container elementor-column-gap-default">
					<div class="elementor-column elementor-col-100 elementor-top-column elementor-element elementor-element-57cbd57" data-id="57cbd57" data-element_type="column">
			<div class="elementor-widget-wrap elementor-element-populated">
						<div class="elementor-element elementor-element-9c88d2f elementor-widget elementor-widget-image-gallery" data-id="9c88d2f" data-element_type="widget" data-widget_type="image-gallery.default">
				<div class="elementor-widget-container">
					<div class="elementor-image-gallery">
			<div id='gallery-1' class='gallery galleryid-1481 gallery-columns-3 gallery-size-monstroid2-thumb-justify'><figure class='gallery-item'>
			<div class='gallery-icon portrait'>
				<a data-elementor-open-lightbox="yes" data-elementor-lightbox-slideshow="9c88d2f" data-elementor-lightbox-title="Gmunden 01" data-e-action-hash="#elementor-action%3Aaction%3Dlightbox%26settings%3DeyJpZCI6MTQ2OSwidXJsIjoiaHR0cHM6XC9cL2NlcmFtaXRhZ2UuZXVcL3dwLWNvbnRlbnRcL3VwbG9hZHNcLzIwMjNcLzA2XC9HbXVuZGVuLTAxLmpwZyIsInNsaWRlc2hvdyI6IjljODhkMmYifQ%3D%3D" href='https://ceramitage.eu/wp-content/uploads/2023/06/Gmunden-01.jpg'><img fetchpriority="high" decoding="async" width="640" height="640" src="https://ceramitage.eu/wp-content/uploads/2023/06/Gmunden-01-640x640.jpg" class="attachment-monstroid2-thumb-justify size-monstroid2-thumb-justify" alt="" srcset="https://ceramitage.eu/wp-content/uploads/2023/06/Gmunden-01-640x640.jpg 640w, https://ceramitage.eu/wp-content/uploads/2023/06/Gmunden-01-150x150.jpg 150w, https://ceramitage.eu/wp-content/uploads/2023/06/Gmunden-01-230x230.jpg 230w, https://ceramitage.eu/wp-content/uploads/2023/06/Gmunden-01-400x400.jpg 400w" sizes="(max-width: 640px) 100vw, 640px" /></a>
			</div></figure><figure class='gallery-item'>
			<div class='gallery-icon landscape'>
				<a data-elementor-open-lightbox="yes" data-elementor-lightbox-slideshow="9c88d2f" data-elementor-lightbox-title="Gmunden 02" data-e-action-hash="#elementor-action%3Aaction%3Dlightbox%26settings%3DeyJpZCI6MTQ3MiwidXJsIjoiaHR0cHM6XC9cL2NlcmFtaXRhZ2UuZXVcL3dwLWNvbnRlbnRcL3VwbG9hZHNcLzIwMjNcLzA2XC9HbXVuZGVuLTAyLmpwZyIsInNsaWRlc2hvdyI6IjljODhkMmYifQ%3D%3D" href='https://ceramitage.eu/wp-content/uploads/2023/06/Gmunden-02.jpg'><img decoding="async" width="640" height="640" src="https://ceramitage.eu/wp-content/uploads/2023/06/Gmunden-02-640x640.jpg" class="attachment-monstroid2-thumb-justify size-monstroid2-thumb-justify" alt="" srcset="https://ceramitage.eu/wp-content/uploads/2023/06/Gmunden-02-640x640.jpg 640w, https://ceramitage.eu/wp-content/uploads/2023/06/Gmunden-02-150x150.jpg 150w, https://ceramitage.eu/wp-content/uploads/2023/06/Gmunden-02-230x230.jpg 230w, https://ceramitage.eu/wp-content/uploads/2023/06/Gmunden-02-400x400.jpg 400w" sizes="(max-width: 640px) 100vw, 640px" /></a>
			</div></figure><figure class='gallery-item'>
			<div class='gallery-icon landscape'>
				<a data-elementor-open-lightbox="yes" data-elementor-lightbox-slideshow="9c88d2f" data-elementor-lightbox-title="Gmunden 03" data-e-action-hash="#elementor-action%3Aaction%3Dlightbox%26settings%3DeyJpZCI6MTQ3NSwidXJsIjoiaHR0cHM6XC9cL2NlcmFtaXRhZ2UuZXVcL3dwLWNvbnRlbnRcL3VwbG9hZHNcLzIwMjNcLzA2XC9HbXVuZGVuLTAzLmpwZyIsInNsaWRlc2hvdyI6IjljODhkMmYifQ%3D%3D" href='https://ceramitage.eu/wp-content/uploads/2023/06/Gmunden-03.jpg'><img decoding="async" width="640" height="640" src="https://ceramitage.eu/wp-content/uploads/2023/06/Gmunden-03-640x640.jpg" class="attachment-monstroid2-thumb-justify size-monstroid2-thumb-justify" alt="" srcset="https://ceramitage.eu/wp-content/uploads/2023/06/Gmunden-03-640x640.jpg 640w, https://ceramitage.eu/wp-content/uploads/2023/06/Gmunden-03-150x150.jpg 150w, https://ceramitage.eu/wp-content/uploads/2023/06/Gmunden-03-230x230.jpg 230w, https://ceramitage.eu/wp-content/uploads/2023/06/Gmunden-03-400x400.jpg 400w" sizes="(max-width: 640px) 100vw, 640px" /></a>
			</div></figure>
		</div>
		</div>
				</div>
				</div>
					</div>
		</div>
					</div>
		</section>
				</div>

<p>Ferie- og fritidsregionen Gmunden, som ligger ved innsjøen Traunsee, har posisjonert seg som en kulturell hotspot i Østerrike, med mange kulturelle aktiviteter fra det tradisjonelle til samtidskunst. Arkeologiske funn av kanner, skåler og fliser av steingods dateres tilbake til middelalderen, og allerede i 1492 ble &laquo;Gmundner&raquo;-keramikk nevnt i dokumenter. Århundrer med keramikk i Gmunden og [&hellip;]</p>
