{"id":1569,"date":"2023-06-28T21:30:50","date_gmt":"2023-06-28T19:30:50","guid":{"rendered":"https:\/\/ceramitage.eu\/castello-de-la-plana-hiszpania\/"},"modified":"2023-09-22T14:24:57","modified_gmt":"2023-09-22T12:24:57","slug":"castello-de-la-plana-hiszpania","status":"publish","type":"page","link":"https:\/\/ceramitage.eu\/no\/castello-de-la-plana-hiszpania\/","title":{"rendered":"Castell\u00f3 de la Plana"},"content":{"rendered":"\t\t<div data-elementor-type=\"wp-page\" data-elementor-id=\"1569\" class=\"elementor elementor-1569\" data-elementor-post-type=\"page\">\n\t\t\t\t\t\t<section class=\"elementor-section elementor-top-section elementor-element elementor-element-20ec78ed elementor-section-boxed elementor-section-height-default elementor-section-height-default\" data-id=\"20ec78ed\" data-element_type=\"section\" data-settings=\"{&quot;jet_parallax_layout_list&quot;:[]}\">\n\t\t\t\t\t\t<div class=\"elementor-container elementor-column-gap-default\">\n\t\t\t\t\t<div class=\"elementor-column elementor-col-100 elementor-top-column elementor-element elementor-element-3975aee6\" data-id=\"3975aee6\" data-element_type=\"column\">\n\t\t\t<div class=\"elementor-widget-wrap elementor-element-populated\">\n\t\t\t\t\t\t<div class=\"elementor-element elementor-element-3496fd32 elementor-widget elementor-widget-text-editor\" data-id=\"3496fd32\" data-element_type=\"widget\" data-widget_type=\"text-editor.default\">\n\t\t\t\t<div class=\"elementor-widget-container\">\n\t\t\t\t\t\t\t<p><span style=\"font-weight: 400;\">Castell\u00f3s industri-, samfunns- og kulturhistorie ville ikke gitt mening uten keramikken, som har v\u00e6rt en av grunnpilarene i byens \u00f8konomiske og industrielle utvikling. I dag er keramikken ogs\u00e5 blitt et kunstnerisk trekk som gjennomsyrer mange deler av byen og dens liv. Rundt om i byen kan man se en rekke keramiske innslag: fasader, torg, kirker, emblematiske bygninger, skulpturer i gatene eller keramiske m\u00f8bler, for \u00e5 nevne noe.<\/span><\/p>\n<p><span style=\"font-weight: 400;\">Institusjonene har inkludert keramikk i sine kurstilbud og tilbyr et bredt utvalg av utdanningstilbud innen denne sektoren. Denne satsingen p\u00e5 keramikkindustrien har gjort det mulig \u00e5 finne innovative l\u00f8sninger og teknologiske fremskritt uten \u00e5 glemme tradisjonen.<\/span><\/p>\n<p><span style=\"font-weight: 400;\">Byen Castell\u00f3 har ogs\u00e5 engasjert seg i keramikk ved \u00e5 arrangere og delta p\u00e5 messer, kongresser og prisutdelinger innen dette feltet. I 1997 gikk bystyret i Castell\u00f3 og foreningen for keramiske teknikere sammen om \u00e5 opprette den nasjonale keramikkprisen Ciutat de Castell\u00f3, som skal bidra til at samfunnet f\u00e5r en global forst\u00e5else av keramikk. Prisen gir ogs\u00e5 keramikerteknikere mulighet til \u00e5 utvikle sin kreativitet og fremmer kunstnere som bor i Spania.<\/span><\/p>\n<p><span style=\"font-weight: 400;\">Den nasjonale og internasjonale turismen i Castell\u00f3 er rettet mot kultur: Byr\u00e5det har utviklet en nettside med virtuelle ruter for \u00e5 \u00f8ke bevisstheten om den rollen tradisjonell og kunstnerisk keramikk spiller i byens estetikk: For \u00f8yeblikket finnes det tre ruter med ulike keramiske temaer: tradisjonell, moderne og avantgarde.<\/span><\/p>\t\t\t\t\t\t<\/div>\n\t\t\t\t<\/div>\n\t\t\t\t\t<\/div>\n\t\t<\/div>\n\t\t\t\t\t<\/div>\n\t\t<\/section>\n\t\t\t\t<section class=\"elementor-section elementor-top-section elementor-element elementor-element-cc755bd elementor-section-boxed elementor-section-height-default elementor-section-height-default\" data-id=\"cc755bd\" data-element_type=\"section\" data-settings=\"{&quot;jet_parallax_layout_list&quot;:[]}\">\n\t\t\t\t\t\t<div class=\"elementor-container elementor-column-gap-default\">\n\t\t\t\t\t<div class=\"elementor-column elementor-col-100 elementor-top-column elementor-element elementor-element-f7673ac\" data-id=\"f7673ac\" data-element_type=\"column\">\n\t\t\t<div class=\"elementor-widget-wrap elementor-element-populated\">\n\t\t\t\t\t\t<div class=\"elementor-element elementor-element-cd058c3 elementor-widget elementor-widget-image-gallery\" data-id=\"cd058c3\" data-element_type=\"widget\" data-widget_type=\"image-gallery.default\">\n\t\t\t\t<div class=\"elementor-widget-container\">\n\t\t\t\t\t<div class=\"elementor-image-gallery\">\n\t\t\t<div id='gallery-1' class='gallery galleryid-1569 gallery-columns-3 gallery-size-monstroid2-thumb-justify'><figure class='gallery-item'>\n\t\t\t<div class='gallery-icon portrait'>\n\t\t\t\t<a data-elementor-open-lightbox=\"yes\" data-elementor-lightbox-slideshow=\"cd058c3\" data-elementor-lightbox-title=\"Castello de la Plana 01\" data-e-action-hash=\"#elementor-action%3Aaction%3Dlightbox%26settings%3DeyJpZCI6MTU1OCwidXJsIjoiaHR0cHM6XC9cL2NlcmFtaXRhZ2UuZXVcL3dwLWNvbnRlbnRcL3VwbG9hZHNcLzIwMjNcLzA2XC9DYXN0ZWxsby1kZS1sYS1QbGFuYS0wMS5qcGciLCJzbGlkZXNob3ciOiJjZDA1OGMzIn0%3D\" href='https:\/\/ceramitage.eu\/wp-content\/uploads\/2023\/06\/Castello-de-la-Plana-01.jpg'><img fetchpriority=\"high\" decoding=\"async\" width=\"640\" height=\"640\" src=\"https:\/\/ceramitage.eu\/wp-content\/uploads\/2023\/06\/Castello-de-la-Plana-01-640x640.jpg\" class=\"attachment-monstroid2-thumb-justify size-monstroid2-thumb-justify\" alt=\"\" srcset=\"https:\/\/ceramitage.eu\/wp-content\/uploads\/2023\/06\/Castello-de-la-Plana-01-640x640.jpg 640w, https:\/\/ceramitage.eu\/wp-content\/uploads\/2023\/06\/Castello-de-la-Plana-01-150x150.jpg 150w, https:\/\/ceramitage.eu\/wp-content\/uploads\/2023\/06\/Castello-de-la-Plana-01-230x230.jpg 230w, https:\/\/ceramitage.eu\/wp-content\/uploads\/2023\/06\/Castello-de-la-Plana-01-400x400.jpg 400w\" sizes=\"(max-width: 640px) 100vw, 640px\" \/><\/a>\n\t\t\t<\/div><\/figure><figure class='gallery-item'>\n\t\t\t<div class='gallery-icon landscape'>\n\t\t\t\t<a data-elementor-open-lightbox=\"yes\" data-elementor-lightbox-slideshow=\"cd058c3\" data-elementor-lightbox-title=\"Castello de la Plana 02\" data-e-action-hash=\"#elementor-action%3Aaction%3Dlightbox%26settings%3DeyJpZCI6MTU2MSwidXJsIjoiaHR0cHM6XC9cL2NlcmFtaXRhZ2UuZXVcL3dwLWNvbnRlbnRcL3VwbG9hZHNcLzIwMjNcLzA2XC9DYXN0ZWxsby1kZS1sYS1QbGFuYS0wMi5qcGciLCJzbGlkZXNob3ciOiJjZDA1OGMzIn0%3D\" href='https:\/\/ceramitage.eu\/wp-content\/uploads\/2023\/06\/Castello-de-la-Plana-02.jpg'><img decoding=\"async\" width=\"440\" height=\"330\" src=\"https:\/\/ceramitage.eu\/wp-content\/uploads\/2023\/06\/Castello-de-la-Plana-02.jpg\" class=\"attachment-monstroid2-thumb-justify size-monstroid2-thumb-justify\" alt=\"\" srcset=\"https:\/\/ceramitage.eu\/wp-content\/uploads\/2023\/06\/Castello-de-la-Plana-02.jpg 440w, https:\/\/ceramitage.eu\/wp-content\/uploads\/2023\/06\/Castello-de-la-Plana-02-300x225.jpg 300w\" sizes=\"(max-width: 440px) 100vw, 440px\" \/><\/a>\n\t\t\t<\/div><\/figure><figure class='gallery-item'>\n\t\t\t<div class='gallery-icon portrait'>\n\t\t\t\t<a data-elementor-open-lightbox=\"yes\" data-elementor-lightbox-slideshow=\"cd058c3\" data-elementor-lightbox-title=\"Castello de la Plana 03\" data-e-action-hash=\"#elementor-action%3Aaction%3Dlightbox%26settings%3DeyJpZCI6MTU2NCwidXJsIjoiaHR0cHM6XC9cL2NlcmFtaXRhZ2UuZXVcL3dwLWNvbnRlbnRcL3VwbG9hZHNcLzIwMjNcLzA2XC9DYXN0ZWxsby1kZS1sYS1QbGFuYS0wMy5qcGciLCJzbGlkZXNob3ciOiJjZDA1OGMzIn0%3D\" href='https:\/\/ceramitage.eu\/wp-content\/uploads\/2023\/06\/Castello-de-la-Plana-03.jpg'><img decoding=\"async\" width=\"500\" height=\"640\" src=\"https:\/\/ceramitage.eu\/wp-content\/uploads\/2023\/06\/Castello-de-la-Plana-03-500x640.jpg\" class=\"attachment-monstroid2-thumb-justify size-monstroid2-thumb-justify\" alt=\"\" \/><\/a>\n\t\t\t<\/div><\/figure>\n\t\t<\/div>\n\t\t<\/div>\n\t\t\t\t<\/div>\n\t\t\t\t<\/div>\n\t\t\t\t\t<\/div>\n\t\t<\/div>\n\t\t\t\t\t<\/div>\n\t\t<\/section>\n\t\t\t\t<\/div>\n\t\t","protected":false},"excerpt":{"rendered":"<p>Castell\u00f3s industri-, samfunns- og kulturhistorie ville ikke gitt mening uten keramikken, som har v\u00e6rt en av grunnpilarene i byens \u00f8konomiske og industrielle utvikling. I dag er keramikken ogs\u00e5 blitt et kunstnerisk trekk som gjennomsyrer mange deler av byen og dens liv. Rundt om i byen kan man se en rekke keramiske innslag: fasader, torg, kirker, [&hellip;]<\/p>\n","protected":false},"author":1,"featured_media":0,"parent":0,"menu_order":0,"comment_status":"closed","ping_status":"closed","template":"","meta":{"footnotes":""},"class_list":["post-1569","page","type-page","status-publish","hentry"],"_links":{"self":[{"href":"https:\/\/ceramitage.eu\/no\/wp-json\/wp\/v2\/pages\/1569","targetHints":{"allow":["GET"]}}],"collection":[{"href":"https:\/\/ceramitage.eu\/no\/wp-json\/wp\/v2\/pages"}],"about":[{"href":"https:\/\/ceramitage.eu\/no\/wp-json\/wp\/v2\/types\/page"}],"author":[{"embeddable":true,"href":"https:\/\/ceramitage.eu\/no\/wp-json\/wp\/v2\/users\/1"}],"replies":[{"embeddable":true,"href":"https:\/\/ceramitage.eu\/no\/wp-json\/wp\/v2\/comments?post=1569"}],"version-history":[{"count":6,"href":"https:\/\/ceramitage.eu\/no\/wp-json\/wp\/v2\/pages\/1569\/revisions"}],"predecessor-version":[{"id":4231,"href":"https:\/\/ceramitage.eu\/no\/wp-json\/wp\/v2\/pages\/1569\/revisions\/4231"}],"wp:attachment":[{"href":"https:\/\/ceramitage.eu\/no\/wp-json\/wp\/v2\/media?parent=1569"}],"curies":[{"name":"wp","href":"https:\/\/api.w.org\/{rel}","templated":true}]}}

Castelló de la Plana

<div data-elementor-type="wp-page" data-elementor-id="1569" class="elementor elementor-1569" data-elementor-post-type="page">
						<section class="elementor-section elementor-top-section elementor-element elementor-element-20ec78ed elementor-section-boxed elementor-section-height-default elementor-section-height-default" data-id="20ec78ed" data-element_type="section" data-settings="{&quot;jet_parallax_layout_list&quot;:[]}">
						<div class="elementor-container elementor-column-gap-default">
					<div class="elementor-column elementor-col-100 elementor-top-column elementor-element elementor-element-3975aee6" data-id="3975aee6" data-element_type="column">
			<div class="elementor-widget-wrap elementor-element-populated">
						<div class="elementor-element elementor-element-3496fd32 elementor-widget elementor-widget-text-editor" data-id="3496fd32" data-element_type="widget" data-widget_type="text-editor.default">
				<div class="elementor-widget-container">
							<p><span style="font-weight: 400;">Castellós industri-, samfunns- og kulturhistorie ville ikke gitt mening uten keramikken, som har vært en av grunnpilarene i byens økonomiske og industrielle utvikling. I dag er keramikken også blitt et kunstnerisk trekk som gjennomsyrer mange deler av byen og dens liv. Rundt om i byen kan man se en rekke keramiske innslag: fasader, torg, kirker, emblematiske bygninger, skulpturer i gatene eller keramiske møbler, for å nevne noe.</span></p>
<p><span style="font-weight: 400;">Institusjonene har inkludert keramikk i sine kurstilbud og tilbyr et bredt utvalg av utdanningstilbud innen denne sektoren. Denne satsingen på keramikkindustrien har gjort det mulig å finne innovative løsninger og teknologiske fremskritt uten å glemme tradisjonen.</span></p>
<p><span style="font-weight: 400;">Byen Castelló har også engasjert seg i keramikk ved å arrangere og delta på messer, kongresser og prisutdelinger innen dette feltet. I 1997 gikk bystyret i Castelló og foreningen for keramiske teknikere sammen om å opprette den nasjonale keramikkprisen Ciutat de Castelló, som skal bidra til at samfunnet får en global forståelse av keramikk. Prisen gir også keramikerteknikere mulighet til å utvikle sin kreativitet og fremmer kunstnere som bor i Spania.</span></p>
<p><span style="font-weight: 400;">Den nasjonale og internasjonale turismen i Castelló er rettet mot kultur: Byrådet har utviklet en nettside med virtuelle ruter for å øke bevisstheten om den rollen tradisjonell og kunstnerisk keramikk spiller i byens estetikk: For øyeblikket finnes det tre ruter med ulike keramiske temaer: tradisjonell, moderne og avantgarde.</span></p>						</div>
				</div>
					</div>
		</div>
					</div>
		</section>
				<section class="elementor-section elementor-top-section elementor-element elementor-element-cc755bd elementor-section-boxed elementor-section-height-default elementor-section-height-default" data-id="cc755bd" data-element_type="section" data-settings="{&quot;jet_parallax_layout_list&quot;:[]}">
						<div class="elementor-container elementor-column-gap-default">
					<div class="elementor-column elementor-col-100 elementor-top-column elementor-element elementor-element-f7673ac" data-id="f7673ac" data-element_type="column">
			<div class="elementor-widget-wrap elementor-element-populated">
						<div class="elementor-element elementor-element-cd058c3 elementor-widget elementor-widget-image-gallery" data-id="cd058c3" data-element_type="widget" data-widget_type="image-gallery.default">
				<div class="elementor-widget-container">
					<div class="elementor-image-gallery">
			<div id='gallery-1' class='gallery galleryid-1569 gallery-columns-3 gallery-size-monstroid2-thumb-justify'><figure class='gallery-item'>
			<div class='gallery-icon portrait'>
				<a data-elementor-open-lightbox="yes" data-elementor-lightbox-slideshow="cd058c3" data-elementor-lightbox-title="Castello de la Plana 01" data-e-action-hash="#elementor-action%3Aaction%3Dlightbox%26settings%3DeyJpZCI6MTU1OCwidXJsIjoiaHR0cHM6XC9cL2NlcmFtaXRhZ2UuZXVcL3dwLWNvbnRlbnRcL3VwbG9hZHNcLzIwMjNcLzA2XC9DYXN0ZWxsby1kZS1sYS1QbGFuYS0wMS5qcGciLCJzbGlkZXNob3ciOiJjZDA1OGMzIn0%3D" href='https://ceramitage.eu/wp-content/uploads/2023/06/Castello-de-la-Plana-01.jpg'><img fetchpriority="high" decoding="async" width="640" height="640" src="https://ceramitage.eu/wp-content/uploads/2023/06/Castello-de-la-Plana-01-640x640.jpg" class="attachment-monstroid2-thumb-justify size-monstroid2-thumb-justify" alt="" srcset="https://ceramitage.eu/wp-content/uploads/2023/06/Castello-de-la-Plana-01-640x640.jpg 640w, https://ceramitage.eu/wp-content/uploads/2023/06/Castello-de-la-Plana-01-150x150.jpg 150w, https://ceramitage.eu/wp-content/uploads/2023/06/Castello-de-la-Plana-01-230x230.jpg 230w, https://ceramitage.eu/wp-content/uploads/2023/06/Castello-de-la-Plana-01-400x400.jpg 400w" sizes="(max-width: 640px) 100vw, 640px" /></a>
			</div></figure><figure class='gallery-item'>
			<div class='gallery-icon landscape'>
				<a data-elementor-open-lightbox="yes" data-elementor-lightbox-slideshow="cd058c3" data-elementor-lightbox-title="Castello de la Plana 02" data-e-action-hash="#elementor-action%3Aaction%3Dlightbox%26settings%3DeyJpZCI6MTU2MSwidXJsIjoiaHR0cHM6XC9cL2NlcmFtaXRhZ2UuZXVcL3dwLWNvbnRlbnRcL3VwbG9hZHNcLzIwMjNcLzA2XC9DYXN0ZWxsby1kZS1sYS1QbGFuYS0wMi5qcGciLCJzbGlkZXNob3ciOiJjZDA1OGMzIn0%3D" href='https://ceramitage.eu/wp-content/uploads/2023/06/Castello-de-la-Plana-02.jpg'><img decoding="async" width="440" height="330" src="https://ceramitage.eu/wp-content/uploads/2023/06/Castello-de-la-Plana-02.jpg" class="attachment-monstroid2-thumb-justify size-monstroid2-thumb-justify" alt="" srcset="https://ceramitage.eu/wp-content/uploads/2023/06/Castello-de-la-Plana-02.jpg 440w, https://ceramitage.eu/wp-content/uploads/2023/06/Castello-de-la-Plana-02-300x225.jpg 300w" sizes="(max-width: 440px) 100vw, 440px" /></a>
			</div></figure><figure class='gallery-item'>
			<div class='gallery-icon portrait'>
				<a data-elementor-open-lightbox="yes" data-elementor-lightbox-slideshow="cd058c3" data-elementor-lightbox-title="Castello de la Plana 03" data-e-action-hash="#elementor-action%3Aaction%3Dlightbox%26settings%3DeyJpZCI6MTU2NCwidXJsIjoiaHR0cHM6XC9cL2NlcmFtaXRhZ2UuZXVcL3dwLWNvbnRlbnRcL3VwbG9hZHNcLzIwMjNcLzA2XC9DYXN0ZWxsby1kZS1sYS1QbGFuYS0wMy5qcGciLCJzbGlkZXNob3ciOiJjZDA1OGMzIn0%3D" href='https://ceramitage.eu/wp-content/uploads/2023/06/Castello-de-la-Plana-03.jpg'><img decoding="async" width="500" height="640" src="https://ceramitage.eu/wp-content/uploads/2023/06/Castello-de-la-Plana-03-500x640.jpg" class="attachment-monstroid2-thumb-justify size-monstroid2-thumb-justify" alt="" /></a>
			</div></figure>
		</div>
		</div>
				</div>
				</div>
					</div>
		</div>
					</div>
		</section>
				</div>

<p>Castellós industri-, samfunns- og kulturhistorie ville ikke gitt mening uten keramikken, som har vært en av grunnpilarene i byens økonomiske og industrielle utvikling. I dag er keramikken også blitt et kunstnerisk trekk som gjennomsyrer mange deler av byen og dens liv. Rundt om i byen kan man se en rekke keramiske innslag: fasader, torg, kirker, [&hellip;]</p>
