{"id":1592,"date":"2023-06-28T21:34:57","date_gmt":"2023-06-28T19:34:57","guid":{"rendered":"https:\/\/ceramitage.eu\/aveiro-portugalia\/"},"modified":"2023-09-22T14:25:09","modified_gmt":"2023-09-22T12:25:09","slug":"aveiro-portugalia","status":"publish","type":"page","link":"https:\/\/ceramitage.eu\/no\/aveiro-portugalia\/","title":{"rendered":"Aveiro"},"content":{"rendered":"\t\t<div data-elementor-type=\"wp-page\" data-elementor-id=\"1592\" class=\"elementor elementor-1592\" data-elementor-post-type=\"page\">\n\t\t\t\t\t\t<section class=\"elementor-section elementor-top-section elementor-element elementor-element-32533597 elementor-section-boxed elementor-section-height-default elementor-section-height-default\" data-id=\"32533597\" data-element_type=\"section\" data-settings=\"{&quot;jet_parallax_layout_list&quot;:[]}\">\n\t\t\t\t\t\t<div class=\"elementor-container elementor-column-gap-default\">\n\t\t\t\t\t<div class=\"elementor-column elementor-col-100 elementor-top-column elementor-element elementor-element-6895b2a8\" data-id=\"6895b2a8\" data-element_type=\"column\">\n\t\t\t<div class=\"elementor-widget-wrap elementor-element-populated\">\n\t\t\t\t\t\t<div class=\"elementor-element elementor-element-7d9ee58 elementor-widget elementor-widget-text-editor\" data-id=\"7d9ee58\" data-element_type=\"widget\" data-widget_type=\"text-editor.default\">\n\t\t\t\t<div class=\"elementor-widget-container\">\n\t\t\t\t\t\t\t<p><span style=\"font-weight: 400;\">Aveiro er en by med et landskap av vann, lys og farger ved lagunen Ria de Aveiro, som slynger seg gjennom de hvite saltpyramidene. Byens mer enn 1000 \u00e5r lange tradisjoner knyttet til de urbane kanalene gir byen en helt spesiell sjarm. Historien gjenspeiles i den arkitektoniske arven, for eksempel barokken og manierismen i de fleste kirkene, samt de vakre jugendstilfasadene,\u00a0<\/span><\/p>\n<p><span style=\"font-weight: 400;\">I tillegg til saltproduksjonen, har X\u00e1vega-fisket langs strandpromenaden, innh\u00f8stingen av moli\u00e7o og keramikken i \u00e5rhundrer s\u00f8rget for livsopphold for en stor del av kystbefolkningen og de n\u00e6rliggende landlige regionene.<\/span><\/p>\n<p><span style=\"font-weight: 400;\">Aveiro har en strategisk beliggenhet i forhold til hovedveiene og jernbanenettet som krysser og binder landet sammen, og har ogs\u00e5 en viktig handelshavn. Universitetet i Aveiro utdanner eksperter p\u00e5 en rekke omr\u00e5der, blant annet innen keramikk, noe som sikrer kontinuiteten i de internasjonale relasjonene som er etablert gjennom tidene.<\/span><\/p>\n<p><span style=\"font-weight: 400;\">Den internasjonale biennalen for kunstnerisk keramikk i Aveiro ble etablert i 1989, etter \u00f8nske fra bystyret i Aveiro som var arrang\u00f8r, i samarbeid med noen lokale kunstnere og bedrifter i keramikkbransjen.<\/span><\/p>\t\t\t\t\t\t<\/div>\n\t\t\t\t<\/div>\n\t\t\t\t\t<\/div>\n\t\t<\/div>\n\t\t\t\t\t<\/div>\n\t\t<\/section>\n\t\t\t\t<section class=\"elementor-section elementor-top-section elementor-element elementor-element-15e0810 elementor-section-boxed elementor-section-height-default elementor-section-height-default\" data-id=\"15e0810\" data-element_type=\"section\" data-settings=\"{&quot;jet_parallax_layout_list&quot;:[]}\">\n\t\t\t\t\t\t<div class=\"elementor-container elementor-column-gap-default\">\n\t\t\t\t\t<div class=\"elementor-column elementor-col-100 elementor-top-column elementor-element elementor-element-27a8dd2\" data-id=\"27a8dd2\" data-element_type=\"column\">\n\t\t\t<div class=\"elementor-widget-wrap elementor-element-populated\">\n\t\t\t\t\t\t<div class=\"elementor-element elementor-element-a317ba9 elementor-widget elementor-widget-image-gallery\" data-id=\"a317ba9\" data-element_type=\"widget\" data-widget_type=\"image-gallery.default\">\n\t\t\t\t<div class=\"elementor-widget-container\">\n\t\t\t\t\t<div class=\"elementor-image-gallery\">\n\t\t\t<div id='gallery-1' class='gallery galleryid-1592 gallery-columns-3 gallery-size-monstroid2-thumb-justify'><figure class='gallery-item'>\n\t\t\t<div class='gallery-icon landscape'>\n\t\t\t\t<a data-elementor-open-lightbox=\"yes\" data-elementor-lightbox-slideshow=\"a317ba9\" data-elementor-lightbox-title=\"Aveiro-1\" data-e-action-hash=\"#elementor-action%3Aaction%3Dlightbox%26settings%3DeyJpZCI6MTU4MSwidXJsIjoiaHR0cHM6XC9cL2NlcmFtaXRhZ2UuZXVcL3dwLWNvbnRlbnRcL3VwbG9hZHNcLzIwMjNcLzA2XC9BdmVpcm8tMS5qcGciLCJzbGlkZXNob3ciOiJhMzE3YmE5In0%3D\" href='https:\/\/ceramitage.eu\/wp-content\/uploads\/2023\/06\/Aveiro-1.jpg'><img fetchpriority=\"high\" decoding=\"async\" width=\"640\" height=\"640\" src=\"https:\/\/ceramitage.eu\/wp-content\/uploads\/2023\/06\/Aveiro-1-640x640.jpg\" class=\"attachment-monstroid2-thumb-justify size-monstroid2-thumb-justify\" alt=\"\" srcset=\"https:\/\/ceramitage.eu\/wp-content\/uploads\/2023\/06\/Aveiro-1-640x640.jpg 640w, https:\/\/ceramitage.eu\/wp-content\/uploads\/2023\/06\/Aveiro-1-150x150.jpg 150w, https:\/\/ceramitage.eu\/wp-content\/uploads\/2023\/06\/Aveiro-1-230x230.jpg 230w, https:\/\/ceramitage.eu\/wp-content\/uploads\/2023\/06\/Aveiro-1-400x400.jpg 400w\" sizes=\"(max-width: 640px) 100vw, 640px\" \/><\/a>\n\t\t\t<\/div><\/figure><figure class='gallery-item'>\n\t\t\t<div class='gallery-icon landscape'>\n\t\t\t\t<a data-elementor-open-lightbox=\"yes\" data-elementor-lightbox-slideshow=\"a317ba9\" data-elementor-lightbox-title=\"Aveiro-2\" data-e-action-hash=\"#elementor-action%3Aaction%3Dlightbox%26settings%3DeyJpZCI6MTU4NCwidXJsIjoiaHR0cHM6XC9cL2NlcmFtaXRhZ2UuZXVcL3dwLWNvbnRlbnRcL3VwbG9hZHNcLzIwMjNcLzA2XC9BdmVpcm8tMi5qcGciLCJzbGlkZXNob3ciOiJhMzE3YmE5In0%3D\" href='https:\/\/ceramitage.eu\/wp-content\/uploads\/2023\/06\/Aveiro-2.jpg'><img decoding=\"async\" width=\"640\" height=\"640\" src=\"https:\/\/ceramitage.eu\/wp-content\/uploads\/2023\/06\/Aveiro-2-640x640.jpg\" class=\"attachment-monstroid2-thumb-justify size-monstroid2-thumb-justify\" alt=\"\" srcset=\"https:\/\/ceramitage.eu\/wp-content\/uploads\/2023\/06\/Aveiro-2-640x640.jpg 640w, https:\/\/ceramitage.eu\/wp-content\/uploads\/2023\/06\/Aveiro-2-150x150.jpg 150w, https:\/\/ceramitage.eu\/wp-content\/uploads\/2023\/06\/Aveiro-2-230x230.jpg 230w, https:\/\/ceramitage.eu\/wp-content\/uploads\/2023\/06\/Aveiro-2-400x400.jpg 400w\" sizes=\"(max-width: 640px) 100vw, 640px\" \/><\/a>\n\t\t\t<\/div><\/figure><figure class='gallery-item'>\n\t\t\t<div class='gallery-icon landscape'>\n\t\t\t\t<a data-elementor-open-lightbox=\"yes\" data-elementor-lightbox-slideshow=\"a317ba9\" data-elementor-lightbox-title=\"Aveiro-3\" data-e-action-hash=\"#elementor-action%3Aaction%3Dlightbox%26settings%3DeyJpZCI6MTU4NywidXJsIjoiaHR0cHM6XC9cL2NlcmFtaXRhZ2UuZXVcL3dwLWNvbnRlbnRcL3VwbG9hZHNcLzIwMjNcLzA2XC9BdmVpcm8tMy5qcGciLCJzbGlkZXNob3ciOiJhMzE3YmE5In0%3D\" href='https:\/\/ceramitage.eu\/wp-content\/uploads\/2023\/06\/Aveiro-3.jpg'><img decoding=\"async\" width=\"640\" height=\"640\" src=\"https:\/\/ceramitage.eu\/wp-content\/uploads\/2023\/06\/Aveiro-3-640x640.jpg\" class=\"attachment-monstroid2-thumb-justify size-monstroid2-thumb-justify\" alt=\"\" srcset=\"https:\/\/ceramitage.eu\/wp-content\/uploads\/2023\/06\/Aveiro-3-640x640.jpg 640w, https:\/\/ceramitage.eu\/wp-content\/uploads\/2023\/06\/Aveiro-3-150x150.jpg 150w, https:\/\/ceramitage.eu\/wp-content\/uploads\/2023\/06\/Aveiro-3-230x230.jpg 230w, https:\/\/ceramitage.eu\/wp-content\/uploads\/2023\/06\/Aveiro-3-400x400.jpg 400w\" sizes=\"(max-width: 640px) 100vw, 640px\" \/><\/a>\n\t\t\t<\/div><\/figure>\n\t\t<\/div>\n\t\t<\/div>\n\t\t\t\t<\/div>\n\t\t\t\t<\/div>\n\t\t\t\t\t<\/div>\n\t\t<\/div>\n\t\t\t\t\t<\/div>\n\t\t<\/section>\n\t\t\t\t<\/div>\n\t\t","protected":false},"excerpt":{"rendered":"<p>Aveiro er en by med et landskap av vann, lys og farger ved lagunen Ria de Aveiro, som slynger seg gjennom de hvite saltpyramidene. Byens mer enn 1000 \u00e5r lange tradisjoner knyttet til de urbane kanalene gir byen en helt spesiell sjarm. Historien gjenspeiles i den arkitektoniske arven, for eksempel barokken og manierismen i de [&hellip;]<\/p>\n","protected":false},"author":1,"featured_media":0,"parent":0,"menu_order":0,"comment_status":"closed","ping_status":"closed","template":"","meta":{"footnotes":""},"class_list":["post-1592","page","type-page","status-publish","hentry"],"_links":{"self":[{"href":"https:\/\/ceramitage.eu\/no\/wp-json\/wp\/v2\/pages\/1592","targetHints":{"allow":["GET"]}}],"collection":[{"href":"https:\/\/ceramitage.eu\/no\/wp-json\/wp\/v2\/pages"}],"about":[{"href":"https:\/\/ceramitage.eu\/no\/wp-json\/wp\/v2\/types\/page"}],"author":[{"embeddable":true,"href":"https:\/\/ceramitage.eu\/no\/wp-json\/wp\/v2\/users\/1"}],"replies":[{"embeddable":true,"href":"https:\/\/ceramitage.eu\/no\/wp-json\/wp\/v2\/comments?post=1592"}],"version-history":[{"count":9,"href":"https:\/\/ceramitage.eu\/no\/wp-json\/wp\/v2\/pages\/1592\/revisions"}],"predecessor-version":[{"id":4232,"href":"https:\/\/ceramitage.eu\/no\/wp-json\/wp\/v2\/pages\/1592\/revisions\/4232"}],"wp:attachment":[{"href":"https:\/\/ceramitage.eu\/no\/wp-json\/wp\/v2\/media?parent=1592"}],"curies":[{"name":"wp","href":"https:\/\/api.w.org\/{rel}","templated":true}]}}

<div data-elementor-type="wp-page" data-elementor-id="1592" class="elementor elementor-1592" data-elementor-post-type="page">
						<section class="elementor-section elementor-top-section elementor-element elementor-element-32533597 elementor-section-boxed elementor-section-height-default elementor-section-height-default" data-id="32533597" data-element_type="section" data-settings="{&quot;jet_parallax_layout_list&quot;:[]}">
						<div class="elementor-container elementor-column-gap-default">
					<div class="elementor-column elementor-col-100 elementor-top-column elementor-element elementor-element-6895b2a8" data-id="6895b2a8" data-element_type="column">
			<div class="elementor-widget-wrap elementor-element-populated">
						<div class="elementor-element elementor-element-7d9ee58 elementor-widget elementor-widget-text-editor" data-id="7d9ee58" data-element_type="widget" data-widget_type="text-editor.default">
				<div class="elementor-widget-container">
							<p><span style="font-weight: 400;">Aveiro er en by med et landskap av vann, lys og farger ved lagunen Ria de Aveiro, som slynger seg gjennom de hvite saltpyramidene. Byens mer enn 1000 år lange tradisjoner knyttet til de urbane kanalene gir byen en helt spesiell sjarm. Historien gjenspeiles i den arkitektoniske arven, for eksempel barokken og manierismen i de fleste kirkene, samt de vakre jugendstilfasadene, </span></p>
<p><span style="font-weight: 400;">I tillegg til saltproduksjonen, har Xávega-fisket langs strandpromenaden, innhøstingen av moliço og keramikken i århundrer sørget for livsopphold for en stor del av kystbefolkningen og de nærliggende landlige regionene.</span></p>
<p><span style="font-weight: 400;">Aveiro har en strategisk beliggenhet i forhold til hovedveiene og jernbanenettet som krysser og binder landet sammen, og har også en viktig handelshavn. Universitetet i Aveiro utdanner eksperter på en rekke områder, blant annet innen keramikk, noe som sikrer kontinuiteten i de internasjonale relasjonene som er etablert gjennom tidene.</span></p>
<p><span style="font-weight: 400;">Den internasjonale biennalen for kunstnerisk keramikk i Aveiro ble etablert i 1989, etter ønske fra bystyret i Aveiro som var arrangør, i samarbeid med noen lokale kunstnere og bedrifter i keramikkbransjen.</span></p>						</div>
				</div>
					</div>
		</div>
					</div>
		</section>
				<section class="elementor-section elementor-top-section elementor-element elementor-element-15e0810 elementor-section-boxed elementor-section-height-default elementor-section-height-default" data-id="15e0810" data-element_type="section" data-settings="{&quot;jet_parallax_layout_list&quot;:[]}">
						<div class="elementor-container elementor-column-gap-default">
					<div class="elementor-column elementor-col-100 elementor-top-column elementor-element elementor-element-27a8dd2" data-id="27a8dd2" data-element_type="column">
			<div class="elementor-widget-wrap elementor-element-populated">
						<div class="elementor-element elementor-element-a317ba9 elementor-widget elementor-widget-image-gallery" data-id="a317ba9" data-element_type="widget" data-widget_type="image-gallery.default">
				<div class="elementor-widget-container">
					<div class="elementor-image-gallery">
			<div id='gallery-1' class='gallery galleryid-1592 gallery-columns-3 gallery-size-monstroid2-thumb-justify'><figure class='gallery-item'>
			<div class='gallery-icon landscape'>
				<a data-elementor-open-lightbox="yes" data-elementor-lightbox-slideshow="a317ba9" data-elementor-lightbox-title="Aveiro-1" data-e-action-hash="#elementor-action%3Aaction%3Dlightbox%26settings%3DeyJpZCI6MTU4MSwidXJsIjoiaHR0cHM6XC9cL2NlcmFtaXRhZ2UuZXVcL3dwLWNvbnRlbnRcL3VwbG9hZHNcLzIwMjNcLzA2XC9BdmVpcm8tMS5qcGciLCJzbGlkZXNob3ciOiJhMzE3YmE5In0%3D" href='https://ceramitage.eu/wp-content/uploads/2023/06/Aveiro-1.jpg'><img fetchpriority="high" decoding="async" width="640" height="640" src="https://ceramitage.eu/wp-content/uploads/2023/06/Aveiro-1-640x640.jpg" class="attachment-monstroid2-thumb-justify size-monstroid2-thumb-justify" alt="" srcset="https://ceramitage.eu/wp-content/uploads/2023/06/Aveiro-1-640x640.jpg 640w, https://ceramitage.eu/wp-content/uploads/2023/06/Aveiro-1-150x150.jpg 150w, https://ceramitage.eu/wp-content/uploads/2023/06/Aveiro-1-230x230.jpg 230w, https://ceramitage.eu/wp-content/uploads/2023/06/Aveiro-1-400x400.jpg 400w" sizes="(max-width: 640px) 100vw, 640px" /></a>
			</div></figure><figure class='gallery-item'>
			<div class='gallery-icon landscape'>
				<a data-elementor-open-lightbox="yes" data-elementor-lightbox-slideshow="a317ba9" data-elementor-lightbox-title="Aveiro-2" data-e-action-hash="#elementor-action%3Aaction%3Dlightbox%26settings%3DeyJpZCI6MTU4NCwidXJsIjoiaHR0cHM6XC9cL2NlcmFtaXRhZ2UuZXVcL3dwLWNvbnRlbnRcL3VwbG9hZHNcLzIwMjNcLzA2XC9BdmVpcm8tMi5qcGciLCJzbGlkZXNob3ciOiJhMzE3YmE5In0%3D" href='https://ceramitage.eu/wp-content/uploads/2023/06/Aveiro-2.jpg'><img decoding="async" width="640" height="640" src="https://ceramitage.eu/wp-content/uploads/2023/06/Aveiro-2-640x640.jpg" class="attachment-monstroid2-thumb-justify size-monstroid2-thumb-justify" alt="" srcset="https://ceramitage.eu/wp-content/uploads/2023/06/Aveiro-2-640x640.jpg 640w, https://ceramitage.eu/wp-content/uploads/2023/06/Aveiro-2-150x150.jpg 150w, https://ceramitage.eu/wp-content/uploads/2023/06/Aveiro-2-230x230.jpg 230w, https://ceramitage.eu/wp-content/uploads/2023/06/Aveiro-2-400x400.jpg 400w" sizes="(max-width: 640px) 100vw, 640px" /></a>
			</div></figure><figure class='gallery-item'>
			<div class='gallery-icon landscape'>
				<a data-elementor-open-lightbox="yes" data-elementor-lightbox-slideshow="a317ba9" data-elementor-lightbox-title="Aveiro-3" data-e-action-hash="#elementor-action%3Aaction%3Dlightbox%26settings%3DeyJpZCI6MTU4NywidXJsIjoiaHR0cHM6XC9cL2NlcmFtaXRhZ2UuZXVcL3dwLWNvbnRlbnRcL3VwbG9hZHNcLzIwMjNcLzA2XC9BdmVpcm8tMy5qcGciLCJzbGlkZXNob3ciOiJhMzE3YmE5In0%3D" href='https://ceramitage.eu/wp-content/uploads/2023/06/Aveiro-3.jpg'><img decoding="async" width="640" height="640" src="https://ceramitage.eu/wp-content/uploads/2023/06/Aveiro-3-640x640.jpg" class="attachment-monstroid2-thumb-justify size-monstroid2-thumb-justify" alt="" srcset="https://ceramitage.eu/wp-content/uploads/2023/06/Aveiro-3-640x640.jpg 640w, https://ceramitage.eu/wp-content/uploads/2023/06/Aveiro-3-150x150.jpg 150w, https://ceramitage.eu/wp-content/uploads/2023/06/Aveiro-3-230x230.jpg 230w, https://ceramitage.eu/wp-content/uploads/2023/06/Aveiro-3-400x400.jpg 400w" sizes="(max-width: 640px) 100vw, 640px" /></a>
			</div></figure>
		</div>
		</div>
				</div>
				</div>
					</div>
		</div>
					</div>
		</section>
				</div>

<p>Aveiro er en by med et landskap av vann, lys og farger ved lagunen Ria de Aveiro, som slynger seg gjennom de hvite saltpyramidene. Byens mer enn 1000 år lange tradisjoner knyttet til de urbane kanalene gir byen en helt spesiell sjarm. Historien gjenspeiles i den arkitektoniske arven, for eksempel barokken og manierismen i de [&hellip;]</p>
